1034 (base 5) in base 8?
-1204640
Convert 187901a (base 13) to base 7.
125066550
What is 6846b (base 15) in base 6?
11035515
932395 (base 11) to base 10
1496511
What is -210123044 (base 6) in base 5?
-1413301322
What is 826578 (base 9) in base 11?
305466
-117b12 (base 13) to base 10
-417107
What is 130241302 (base 5) in base 4?
2122301200
-11608575 (base 9) to base 14
-a7a21b
What is f6352 (base 16) in base 3?
1220020100121
What is -2519bd (base 16) in base 11?
-1410843
Convert -16040321 (base 7) to base 14.
-2c0d11
Convert -934a0 (base 14) to base 6.
-11335020
Convert -3112211 (base 4) to base 6.
-143325
1110010200100 (base 3) to base 6
24302143
Convert 68896 (base 11) to base 7.
563166
Convert -17077037 (base 8) to base 7.
-45461104
What is 5326715 (base 10) in base 2?
10100010100011101111011
201101333311 (base 4) to base 2
100001010001111111110101
1010101110010110001100 (base 2) to base 8
12562614
-10000001111011101001100 (base 2) to base 7
-51121602
What is -1000010010101100011110110 (base 2) in base 9?
-35644305
Convert -69547 (base 10) to base 15.
-15917
-210102 (base 13) to base 12
-312446
110011101001100001010 (base 2) to base 13
473448
4635585 (base 9) to base 13
6988a3
6b3c (base 15) to base 9
34223
Convert 204638 (base 14) to base 10.
1087850
Convert a592b (base 14) to base 9.
668232
Convert -217182 (base 10) to base 8.
-650136
-37a84 (base 13) to base 16
-191cc
-8534 (base 16) to base 5
-2042400
What is -a83429 (base 13) in base 7?
-45364206
What is -99388 (base 10) in base 16?
-1843c
-102122211002 (base 3) to base 16
-3807e
Convert -142321042 (base 5) to base 16.
-b5ebb
52b5e (base 15) to base 16
40127
Convert -51276 (base 8) to base 6.
-242022
What is -3698dc (base 15) in base 10?
-2614257
What is -10111100011110011 (base 2) in base 15?
-1d8d4
What is 101021120202 (base 3) in base 11?
129042
-33241636 (base 7) to base 16
-2bc102
-513224 (base 7) to base 4
-111120131
Convert 2530243 (base 6) to base 10.
136179
What is 1ba7d5 (base 14) in base 16?
f18d7
-1000001011100010010000 (base 2) to base 15
-2c55a0
-3180070 (base 9) to base 14
-325999
What is 62490 (base 10) in base 13?
2259c
What is 3535427 (base 8) in base 7?
11130401
-143310 (base 12) to base 9
-563743
Convert 2020112222102 (base 3) to base 10.
1191899
-5050 (base 8) to base 14
-d3a
-22000110010101 (base 3) to base 6
-231151531
What is -410513 (base 12) in base 5?
-230014144
Convert -134113a (base 11) to base 4.
-20311020111
Convert -5958bb (base 16) to base 2.
-10110010101100010111011
3520064 (base 7) to base 6
13245302
Convert -2861332 (base 10) to base 13.
-7924c6
Convert 1001001010001001 (base 2) to base 14.
d957
What is -1011000100100110100111 (base 2) in base 3?
-12110110101202
Convert 10222111110 (base 3) to base 8.
231036
-11709535 (base 10) to base 15
-106475a
12202021120021 (base 3) to base 11
17a8338
-44d7c (base 14) to base 4
-220312002
Convert -441392 (base 10) to base 13.
-125ba3
What is -1122101102111 (base 3) in base 7?
-10266043
Convert 20322564 (base 7) to base 14.
324a34
What is -2104303 (base 8) in base 14?
-107b7d
-20205052 (base 6) to base 2
-10001100110000011000
What is 444124031 (base 5) in base 7?
22336643
Convert 1110021112220 (base 3) to base 10.
773142
-30323320331 (base 4) to base 14
-643b2d
What is -50d8a (base 15) in base 10?
-256180
Convert -123b7d (base 14) to base 12.
-261943
5153661 (base 8) to base 9
2511637
What is -2022194 (base 10) in base 6?
-111202002
223404 (base 6) to base 13
880c
-11133124 (base 5) to base 12
-49478
What is -10a34 (base 14) in base 13?
-15525
-2000022011 (base 3) to base 6
-503134
What is 890724 (base 10) in base 4?
3121131210
What is 10481 (base 15) in base 8?
144676
20221120 (base 4) to base 13
13174
-11000101010101001001010 (base 2) to base 3
-110011111212000
Convert 3030034222 (base 5) to base 9.
12421351
Convert 44533a (base 11) to base 4.
2231103011
What is 3c81 (base 14) in base 8?
24711
What is -3b1b1 (base 12) in base 15?
-1922d
-57071635 (base 8) to base 7
-206655616
Convert 10000110011000110110101 (base 2) to base 15.
5bebac
What is 46492 (base 13) in base 8?
372335
What is 32055234 (base 6) in base 2?
11100101101011100110
What is -4486272 (base 9) in base 6?
-123503145
-1947195 (base 12) to base 6
-310013105
What is 981e5b (base 16) in base 13?
20b087b
Convert 135a7 (base 13) to base 11.
2516a
-1001011110111110 (base 2) to base 8
-113676
What is -aeaa (base 15) in base 10?
-37060
What is 4b408 (base 12) in base 4?
121002020
What is -4196759 (base 10) in base 6?
-225541235
Convert c88623 (base 16) to base 15.
1248bc9
Convert -552240 (base 7) to base 6.
-2024220
229442 (base 11) to base 4
1120311311
27734802 (base 9) to base 13
2ac60bc
100001101101010111010 (base 2) to base 11
694975
Convert 33063573 (base 8) to base 4.
123012131323
What is -10021201132 (base 4) in base 15?
-1673a7
What is 137179 (base 11) in base 5?
23330443
What is -1001110001001100110110 (base 2) in base 11?
-1499a90
-10001101210002 (base 3) to base 13
-44a2ab
-1211319 (base 12) to base 16
-358185
Convert -13564403 (base 9) to base 13.
-1511679
Convert 1336644 (base 7) to base 16.
2b5f9
101111010101000110 (base 2) to base 3
100211221002
What is 6a507a (base 11) in base 16?
1114e2
Convert -1481710 (base 10) to base 3.
-2210021112011
What is -517342 (base 9) in base 3?
-120121101102
45b13 (base 12) to base 11
64012
What is 12d5db (base 15) in base 14?
198183
Convert 41007 (base 13) to base 6.
2255040
-103232 (base 13) to base 16
-5c597
Convert -353539 (base 13) to base 3.
-2101020010001
-5546329 (base 10) to base 5
-2404440304
-11200210222 (base 3) to base 15
-1c5d2
What is -215b5 (base 14) in base 9?
-132643
What is 162827 (base 12) in base 5?
44043022
-367768 (base 12) to base 10
-884096
888728 (base 12) to base 7
24312431
64d4 (base 14) to base 15
5274
Convert -430126 (base 7) to base 15.
-1711a
-11111011001111011011 (base 2) to base 16
-fb3db
What is -2014061 (base 8) in base 12?
-216ba9
Convert a7045 (base 13) to base 2.
1001001011111110110
Convert 6772343 (base 9) to base 6.
210120320
What is -9913 (base 11) in base 4?
-3030122
What is 55415 (base 9) in base 5?
2134123
1415051 (base 7) to base 13
68069
-26266541 (base 9) to base 12
-43ab054
What is 26141 (base 14) in base 2?
10110110101101101
What is -220123233 (base 5) in base 16?
-e60ee
What is 25301506 (base 7) in base 6?
121000534
Convert 31254500 (base 7) to base 12.
a71222
What is -2200022111 (base 3) in base 16?
-cded
What is 101002330 (base 4) in base 9?
115687
Convert -4302046 (base 7) to base 6.
-15103241
23010221 (base 4) to base 6
545545
-54265622 (base 8) to base 11
-6621933
-513160 (base 11) to base 8
-3111414
What is 23142041 (base 5) in base 14?
56261
What is 20201120111101 (base 3) in base 2?
1101101000100010011111
-1341114 (base 5) to base 3
-1101221102
-64057 (base 12) to base 8
-400503
Convert -5a8a1ba (base 12) to base 4.
-1003021102132
What is 31303163 (base 8) in base 10?
6653555
Convert 8868 (base 14) to base 11.
16816
What is -9b6b9a (base 14) in base 5?
-2323003443
5438340 (base 9) to base 15
3c9e30
What is -1110001101011 (base 3) in base 9?
-1401334
What is -33f5f (base 16) in base 14?
-577c3
Convert -510071 (base 9) to base 12.
-12683a
What is 23535625 (base 7) in base 3?
10221100110121
-51054354 (base 6) to base 11
-903307
-101001000100111011111100 (base 2) to base 8
-51047374
Convert 2404043 (base 7) to base 8.
1121471
Convert -83483 (base 10) to base 11.
-577a4
452412015 (base 6) to base 8
37346113
43457 (base 9) to base 7
146662
2412212433 (base 5) to base 16
5539d8
Convert 132235221 (base 6) to base 5.
1133231331
5ae0 (base 16) to base 9
34818
-20a1979 (base 11) to base 4
-32011120012
Convert 12220110010012 (base 3) to base 9.
5813105
What is 85438 (base 11) in base 9?
208460
Convert 806091 (base 10) to base 16.
c4ccb
Convert 134343004 (base 5) to base 8.
2526552
Convert 5c835e (base 15) to base 4.
100322010023
-41144411 (base 7) to base 11
-1a3a419
-20100210201 (base 3) to base 8
-364475
What is 4046553 (base 9) in base 7?
24222102
What is 12210010201221 (base 3) in base 4?
23232103321
What is c8d8f (base 16) in base 8?
3106617
5120122 (base 6) to base 10
243698
Convert 1002101002 (base 3) to base 13.
9992
What is 10311000122 (base 4) in bas